{"id":922,"date":"2023-08-29T15:48:27","date_gmt":"2023-08-29T18:48:27","guid":{"rendered":"https:\/\/amparobrindes.com.br\/?post_type=product&#038;p=922"},"modified":"2023-08-29T15:48:34","modified_gmt":"2023-08-29T18:48:34","slug":"cod-2408-chaveiro-roda-trena-modelo10415","status":"publish","type":"product","link":"https:\/\/amparobrindes.com.br\/?product=cod-2408-chaveiro-roda-trena-modelo10415","title":{"rendered":"C\u00f3d: 2408- Chaveiro Roda Trena &#8211; Modelo10415"},"content":{"rendered":"","protected":false},"excerpt":{"rendered":"<p>Chaveiro Pl\u00e1stico Trena 1 Metro<\/p>\n<p>Descri\u00e7\u00e3o: Chaveiro trena 1 metro formato pneu brilhante, material emborrachado com relevo. Detalhes do aro em pl\u00e1stico prata, verso liso. Trena n\u00e3o possui trava.<\/p>\n<p>Medidas aproximadas para grava\u00e7\u00e3o (CxL):  2,6 cm x 2,6 cm<\/p>\n<p>Tamanho total aproximado  (CxL):  10,1 cm x 4,1 cm<\/p>\n<p>Peso aproximado (g):  24<\/p>\n","protected":false},"featured_media":923,"comment_status":"open","ping_status":"closed","template":"","meta":[],"product_brand":[],"product_cat":[79,48,19,34,90,51,50],"product_tag":[],"class_list":{"0":"post-922","1":"product","2":"type-product","3":"status-publish","4":"has-post-thumbnail","6":"product_cat-automotivo","7":"product_cat-brinde-segmento","8":"product_cat-chaveiros","9":"product_cat-datas-comemorativas","10":"product_cat-despachante-brinde-segmento","11":"product_cat-dia-dos-pais","12":"product_cat-empresa-segmento","14":"first","15":"instock","16":"shipping-taxable","17":"product-type-simple"},"_links":{"self":[{"href":"https:\/\/amparobrindes.com.br\/index.php?rest_route=\/wp\/v2\/product\/922","targetHints":{"allow":["GET"]}}],"collection":[{"href":"https:\/\/amparobrindes.com.br\/index.php?rest_route=\/wp\/v2\/product"}],"about":[{"href":"https:\/\/amparobrindes.com.br\/index.php?rest_route=\/wp\/v2\/types\/product"}],"replies":[{"embeddable":true,"href":"https:\/\/amparobrindes.com.br\/index.php?rest_route=%2Fwp%2Fv2%2Fcomments&post=922"}],"wp:featuredmedia":[{"embeddable":true,"href":"https:\/\/amparobrindes.com.br\/index.php?rest_route=\/wp\/v2\/media\/923"}],"wp:attachment":[{"href":"https:\/\/amparobrindes.com.br\/index.php?rest_route=%2Fwp%2Fv2%2Fmedia&parent=922"}],"wp:term":[{"taxonomy":"product_brand","embeddable":true,"href":"https:\/\/amparobrindes.com.br\/index.php?rest_route=%2Fwp%2Fv2%2Fproduct_brand&post=922"},{"taxonomy":"product_cat","embeddable":true,"href":"https:\/\/amparobrindes.com.br\/index.php?rest_route=%2Fwp%2Fv2%2Fproduct_cat&post=922"},{"taxonomy":"product_tag","embeddable":true,"href":"https:\/\/amparobrindes.com.br\/index.php?rest_route=%2Fwp%2Fv2%2Fproduct_tag&post=922"}],"curies":[{"name":"wp","href":"https:\/\/api.w.org\/{rel}","templated":true}]}}