{"id":918,"date":"2023-08-29T15:37:10","date_gmt":"2023-08-29T18:37:10","guid":{"rendered":"https:\/\/amparobrindes.com.br\/?post_type=product&#038;p=918"},"modified":"2024-05-31T16:02:14","modified_gmt":"2024-05-31T19:02:14","slug":"cod-57-chaveiro-executivo-modelo-10032","status":"publish","type":"product","link":"https:\/\/amparobrindes.com.br\/?product=cod-57-chaveiro-executivo-modelo-10032","title":{"rendered":"C\u00f3d: 57 &#8211; Chaveiro Executivo &#8211; Modelo 10032"},"content":{"rendered":"","protected":false},"excerpt":{"rendered":"<p>Chaveiro Metal<\/p>\n<p>Descri\u00e7\u00e3o: Chaveiro de metal quadrado com al\u00e7a emborrachada. Possui chapa frontal em metal e verso liso.<\/p>\n<p>Altura :  11,3 cm<\/p>\n<p>Largura :  3,5 cm<\/p>\n<p>Medidas aproximadas para grava\u00e7\u00e3o (CxL):  2,4 cm x 1,7 cm<\/p>\n<p>Peso aproximado (g):  24<\/p>\n","protected":false},"featured_media":919,"comment_status":"open","ping_status":"closed","template":"","meta":[],"product_brand":[],"product_cat":[79,48,92,19,34,51,50],"product_tag":[],"class_list":{"0":"post-918","1":"product","2":"type-product","3":"status-publish","4":"has-post-thumbnail","6":"product_cat-automotivo","7":"product_cat-brinde-segmento","8":"product_cat-chaveiro-metal-executivo","9":"product_cat-chaveiros","10":"product_cat-datas-comemorativas","11":"product_cat-dia-dos-pais","12":"product_cat-empresa-segmento","14":"first","15":"instock","16":"featured","17":"shipping-taxable","18":"product-type-simple"},"_links":{"self":[{"href":"https:\/\/amparobrindes.com.br\/index.php?rest_route=\/wp\/v2\/product\/918","targetHints":{"allow":["GET"]}}],"collection":[{"href":"https:\/\/amparobrindes.com.br\/index.php?rest_route=\/wp\/v2\/product"}],"about":[{"href":"https:\/\/amparobrindes.com.br\/index.php?rest_route=\/wp\/v2\/types\/product"}],"replies":[{"embeddable":true,"href":"https:\/\/amparobrindes.com.br\/index.php?rest_route=%2Fwp%2Fv2%2Fcomments&post=918"}],"wp:featuredmedia":[{"embeddable":true,"href":"https:\/\/amparobrindes.com.br\/index.php?rest_route=\/wp\/v2\/media\/919"}],"wp:attachment":[{"href":"https:\/\/amparobrindes.com.br\/index.php?rest_route=%2Fwp%2Fv2%2Fmedia&parent=918"}],"wp:term":[{"taxonomy":"product_brand","embeddable":true,"href":"https:\/\/amparobrindes.com.br\/index.php?rest_route=%2Fwp%2Fv2%2Fproduct_brand&post=918"},{"taxonomy":"product_cat","embeddable":true,"href":"https:\/\/amparobrindes.com.br\/index.php?rest_route=%2Fwp%2Fv2%2Fproduct_cat&post=918"},{"taxonomy":"product_tag","embeddable":true,"href":"https:\/\/amparobrindes.com.br\/index.php?rest_route=%2Fwp%2Fv2%2Fproduct_tag&post=918"}],"curies":[{"name":"wp","href":"https:\/\/api.w.org\/{rel}","templated":true}]}}