{"id":904,"date":"2023-08-28T19:47:23","date_gmt":"2023-08-28T22:47:23","guid":{"rendered":"https:\/\/amparobrindes.com.br\/?post_type=product&#038;p=904"},"modified":"2023-08-28T19:49:16","modified_gmt":"2023-08-28T22:49:16","slug":"cod-2404-caneta-metal-modelo-180b","status":"publish","type":"product","link":"https:\/\/amparobrindes.com.br\/?product=cod-2404-caneta-metal-modelo-180b","title":{"rendered":"C\u00f3d: 2404 &#8211; Caneta Metal &#8211; Modelo 180B"},"content":{"rendered":"","protected":false},"excerpt":{"rendered":"<p>Caneta Metal<\/p>\n<p>Descri\u00e7\u00e3o: Caneta met\u00e1lica com carga esferogr\u00e1fica azul e acionamento por rota\u00e7\u00e3o.<\/p>\n<p>Largura :  1,6 cm<\/p>\n<p>Comprimento :  14 cm<\/p>\n<p>Medidas aproximadas para grava\u00e7\u00e3o (CxL):  3,7 cm x 1,2 cm<\/p>\n<p>Peso aproximado (g):  30<\/p>\n","protected":false},"featured_media":905,"comment_status":"open","ping_status":"closed","template":"","meta":[],"product_brand":[],"product_cat":[63,21],"product_tag":[],"class_list":{"0":"post-904","1":"product","2":"type-product","3":"status-publish","4":"has-post-thumbnail","6":"product_cat-caneta-metal","7":"product_cat-canetas","9":"first","10":"instock","11":"shipping-taxable","12":"product-type-simple"},"_links":{"self":[{"href":"https:\/\/amparobrindes.com.br\/index.php?rest_route=\/wp\/v2\/product\/904","targetHints":{"allow":["GET"]}}],"collection":[{"href":"https:\/\/amparobrindes.com.br\/index.php?rest_route=\/wp\/v2\/product"}],"about":[{"href":"https:\/\/amparobrindes.com.br\/index.php?rest_route=\/wp\/v2\/types\/product"}],"replies":[{"embeddable":true,"href":"https:\/\/amparobrindes.com.br\/index.php?rest_route=%2Fwp%2Fv2%2Fcomments&post=904"}],"wp:featuredmedia":[{"embeddable":true,"href":"https:\/\/amparobrindes.com.br\/index.php?rest_route=\/wp\/v2\/media\/905"}],"wp:attachment":[{"href":"https:\/\/amparobrindes.com.br\/index.php?rest_route=%2Fwp%2Fv2%2Fmedia&parent=904"}],"wp:term":[{"taxonomy":"product_brand","embeddable":true,"href":"https:\/\/amparobrindes.com.br\/index.php?rest_route=%2Fwp%2Fv2%2Fproduct_brand&post=904"},{"taxonomy":"product_cat","embeddable":true,"href":"https:\/\/amparobrindes.com.br\/index.php?rest_route=%2Fwp%2Fv2%2Fproduct_cat&post=904"},{"taxonomy":"product_tag","embeddable":true,"href":"https:\/\/amparobrindes.com.br\/index.php?rest_route=%2Fwp%2Fv2%2Fproduct_tag&post=904"}],"curies":[{"name":"wp","href":"https:\/\/api.w.org\/{rel}","templated":true}]}}