{"id":878,"date":"2023-08-28T15:26:22","date_gmt":"2023-08-28T18:26:22","guid":{"rendered":"https:\/\/amparobrindes.com.br\/?post_type=product&#038;p=878"},"modified":"2023-08-28T15:26:27","modified_gmt":"2023-08-28T18:26:27","slug":"cod-2397-caneta-ecologica-de-papelao-modelo-18542","status":"publish","type":"product","link":"https:\/\/amparobrindes.com.br\/?product=cod-2397-caneta-ecologica-de-papelao-modelo-18542","title":{"rendered":"C\u00f3d: 2397 &#8211; Caneta Ecol\u00f3gica de Papel\u00e3o &#8211; Modelo 18542"},"content":{"rendered":"","protected":false},"excerpt":{"rendered":"<p>Caneta Ecol\u00f3gica de Papel\u00e3o<\/p>\n<p>Descri\u00e7\u00e3o: Caneta de papel\u00e3o com detalhes pl\u00e1sticos, carga esferogr\u00e1fica azul e acionamento por clique.<\/p>\n<p>Largura :  1,4 cm<\/p>\n<p>Comprimento :  13,9 cm<\/p>\n<p>Medidas aproximadas para grava\u00e7\u00e3o (CxL):  4 cm x 1 cm<\/p>\n<p>Peso aproximado (g):  6<\/p>\n","protected":false},"featured_media":879,"comment_status":"open","ping_status":"closed","template":"","meta":[],"product_brand":[],"product_cat":[69,21],"product_tag":[],"class_list":{"0":"post-878","1":"product","2":"type-product","3":"status-publish","4":"has-post-thumbnail","6":"product_cat-caneta-ecologica","7":"product_cat-canetas","9":"first","10":"instock","11":"shipping-taxable","12":"product-type-simple"},"_links":{"self":[{"href":"https:\/\/amparobrindes.com.br\/index.php?rest_route=\/wp\/v2\/product\/878","targetHints":{"allow":["GET"]}}],"collection":[{"href":"https:\/\/amparobrindes.com.br\/index.php?rest_route=\/wp\/v2\/product"}],"about":[{"href":"https:\/\/amparobrindes.com.br\/index.php?rest_route=\/wp\/v2\/types\/product"}],"replies":[{"embeddable":true,"href":"https:\/\/amparobrindes.com.br\/index.php?rest_route=%2Fwp%2Fv2%2Fcomments&post=878"}],"wp:featuredmedia":[{"embeddable":true,"href":"https:\/\/amparobrindes.com.br\/index.php?rest_route=\/wp\/v2\/media\/879"}],"wp:attachment":[{"href":"https:\/\/amparobrindes.com.br\/index.php?rest_route=%2Fwp%2Fv2%2Fmedia&parent=878"}],"wp:term":[{"taxonomy":"product_brand","embeddable":true,"href":"https:\/\/amparobrindes.com.br\/index.php?rest_route=%2Fwp%2Fv2%2Fproduct_brand&post=878"},{"taxonomy":"product_cat","embeddable":true,"href":"https:\/\/amparobrindes.com.br\/index.php?rest_route=%2Fwp%2Fv2%2Fproduct_cat&post=878"},{"taxonomy":"product_tag","embeddable":true,"href":"https:\/\/amparobrindes.com.br\/index.php?rest_route=%2Fwp%2Fv2%2Fproduct_tag&post=878"}],"curies":[{"name":"wp","href":"https:\/\/api.w.org\/{rel}","templated":true}]}}