{"id":866,"date":"2023-08-25T17:09:31","date_gmt":"2023-08-25T20:09:31","guid":{"rendered":"https:\/\/amparobrindes.com.br\/?post_type=product&#038;p=866"},"modified":"2023-08-25T17:09:32","modified_gmt":"2023-08-25T20:09:32","slug":"cod-2388-caneta-ecologica-de-bambu-modelo-01090","status":"publish","type":"product","link":"https:\/\/amparobrindes.com.br\/?product=cod-2388-caneta-ecologica-de-bambu-modelo-01090","title":{"rendered":"C\u00f3d: 2388 &#8211; Caneta Ecol\u00f3gica de Bambu &#8211; Modelo 01090"},"content":{"rendered":"","protected":false},"excerpt":{"rendered":"<p>Caneta Ecol\u00f3gica de Bambu<\/p>\n<p>Descri\u00e7\u00e3o: Caneta de bambu com clipe met\u00e1lico, carga esferogr\u00e1fica azul e acionamento por clique.<\/p>\n<p>Altura :  13,5 cm<\/p>\n<p>Largura :  1,6 cm<\/p>\n<p>Medidas aproximadas para grava\u00e7\u00e3o (CxL):  3,5 cm x 1 cm<\/p>\n<p>Peso aproximado (g):  11<\/p>\n","protected":false},"featured_media":867,"comment_status":"open","ping_status":"closed","template":"","meta":[],"product_brand":[],"product_cat":[69,21],"product_tag":[],"class_list":{"0":"post-866","1":"product","2":"type-product","3":"status-publish","4":"has-post-thumbnail","6":"product_cat-caneta-ecologica","7":"product_cat-canetas","9":"first","10":"instock","11":"shipping-taxable","12":"product-type-simple"},"_links":{"self":[{"href":"https:\/\/amparobrindes.com.br\/index.php?rest_route=\/wp\/v2\/product\/866","targetHints":{"allow":["GET"]}}],"collection":[{"href":"https:\/\/amparobrindes.com.br\/index.php?rest_route=\/wp\/v2\/product"}],"about":[{"href":"https:\/\/amparobrindes.com.br\/index.php?rest_route=\/wp\/v2\/types\/product"}],"replies":[{"embeddable":true,"href":"https:\/\/amparobrindes.com.br\/index.php?rest_route=%2Fwp%2Fv2%2Fcomments&post=866"}],"wp:featuredmedia":[{"embeddable":true,"href":"https:\/\/amparobrindes.com.br\/index.php?rest_route=\/wp\/v2\/media\/867"}],"wp:attachment":[{"href":"https:\/\/amparobrindes.com.br\/index.php?rest_route=%2Fwp%2Fv2%2Fmedia&parent=866"}],"wp:term":[{"taxonomy":"product_brand","embeddable":true,"href":"https:\/\/amparobrindes.com.br\/index.php?rest_route=%2Fwp%2Fv2%2Fproduct_brand&post=866"},{"taxonomy":"product_cat","embeddable":true,"href":"https:\/\/amparobrindes.com.br\/index.php?rest_route=%2Fwp%2Fv2%2Fproduct_cat&post=866"},{"taxonomy":"product_tag","embeddable":true,"href":"https:\/\/amparobrindes.com.br\/index.php?rest_route=%2Fwp%2Fv2%2Fproduct_tag&post=866"}],"curies":[{"name":"wp","href":"https:\/\/api.w.org\/{rel}","templated":true}]}}