{"id":688,"date":"2022-03-22T08:27:15","date_gmt":"2022-03-22T11:27:15","guid":{"rendered":"https:\/\/amparobrindes.com.br\/?post_type=product&#038;p=688"},"modified":"2022-03-22T08:27:15","modified_gmt":"2022-03-22T11:27:15","slug":"cod400-chaveiro-sintetico-carro-modelo-bola-com-mosquetao","status":"publish","type":"product","link":"https:\/\/amparobrindes.com.br\/?product=cod400-chaveiro-sintetico-carro-modelo-bola-com-mosquetao","title":{"rendered":"C\u00f3d:400 &#8211; Chaveiro Sint\u00e9tico &#8211; Carro &#8211; Modelo Bola &#8211; Com Mosquet\u00e3o"},"content":{"rendered":"","protected":false},"excerpt":{"rendered":"<p>Material : Bidim 1.5<\/p>\n<p>Medida: 10,5 x\u00a0 4,5 cm (com o mosquet\u00e3o)<\/p>\n<p>Impress\u00e3o : Silkscreen<\/p>\n<p>Baixo Relevo<\/p>\n<p>Enchimento: EVA<\/p>\n<p>Acess\u00f3rios : Rebite, Argola, Mosquet\u00e3o<\/p>\n<p>Acabamento em Costura<\/p>\n","protected":false},"featured_media":689,"comment_status":"open","ping_status":"closed","template":"","meta":[],"product_brand":[],"product_cat":[93,19,51,104],"product_tag":[],"class_list":{"0":"post-688","1":"product","2":"type-product","3":"status-publish","4":"has-post-thumbnail","6":"product_cat-chaveiro-carro-material-sintetico","7":"product_cat-chaveiros","8":"product_cat-dia-dos-pais","9":"product_cat-mais-vendidos","11":"first","12":"instock","13":"shipping-taxable","14":"product-type-simple"},"_links":{"self":[{"href":"https:\/\/amparobrindes.com.br\/index.php?rest_route=\/wp\/v2\/product\/688","targetHints":{"allow":["GET"]}}],"collection":[{"href":"https:\/\/amparobrindes.com.br\/index.php?rest_route=\/wp\/v2\/product"}],"about":[{"href":"https:\/\/amparobrindes.com.br\/index.php?rest_route=\/wp\/v2\/types\/product"}],"replies":[{"embeddable":true,"href":"https:\/\/amparobrindes.com.br\/index.php?rest_route=%2Fwp%2Fv2%2Fcomments&post=688"}],"wp:featuredmedia":[{"embeddable":true,"href":"https:\/\/amparobrindes.com.br\/index.php?rest_route=\/wp\/v2\/media\/689"}],"wp:attachment":[{"href":"https:\/\/amparobrindes.com.br\/index.php?rest_route=%2Fwp%2Fv2%2Fmedia&parent=688"}],"wp:term":[{"taxonomy":"product_brand","embeddable":true,"href":"https:\/\/amparobrindes.com.br\/index.php?rest_route=%2Fwp%2Fv2%2Fproduct_brand&post=688"},{"taxonomy":"product_cat","embeddable":true,"href":"https:\/\/amparobrindes.com.br\/index.php?rest_route=%2Fwp%2Fv2%2Fproduct_cat&post=688"},{"taxonomy":"product_tag","embeddable":true,"href":"https:\/\/amparobrindes.com.br\/index.php?rest_route=%2Fwp%2Fv2%2Fproduct_tag&post=688"}],"curies":[{"name":"wp","href":"https:\/\/api.w.org\/{rel}","templated":true}]}}