{"id":626,"date":"2022-03-09T23:32:02","date_gmt":"2022-03-10T02:32:02","guid":{"rendered":"https:\/\/amparobrindes.com.br\/?post_type=product&#038;p=626"},"modified":"2022-04-18T23:55:13","modified_gmt":"2022-04-19T02:55:13","slug":"cod-2286-agenda-diaria-brasileira-189l","status":"publish","type":"product","link":"https:\/\/amparobrindes.com.br\/?product=cod-2286-agenda-diaria-brasileira-189l","title":{"rendered":"C\u00f3d: 2286 &#8211; Agenda Di\u00e1ria &#8211; Brasileira 189L"},"content":{"rendered":"","protected":false},"excerpt":{"rendered":"<div class=\"col-lg-8 col-md-8 col-12 col-xs-12\">\n<div class=\"codigoproduto \">189L<\/div>\n<div class=\"detalhes-titulo-interno\"><strong>Detalhes do Produto<\/strong><\/div>\n<div class=\"detalhes-produtos-interno\"><em><strong>Agenda Di\u00e1ria Capa Brasileira &#8211; Capa: Couro Sint\u00e9tico 0,6mm &#8211; Miolo de Agenda Di\u00e1ria &#8211; 2&#215;2 Cores &#8211; 344 p\u00e1ginas &#8211; Off-set 63g com Mapa 4&#215;4 Cores &#8211; \u00cdndice Telef\u00f4nico &#8211; Planejamento<\/strong><\/em><em><strong>\u00a0&#8211; Formato da Agenda: 145x200mm<\/strong><\/em><\/div>\n<\/div>\n","protected":false},"featured_media":631,"comment_status":"open","ping_status":"closed","template":"","meta":[],"product_brand":[],"product_cat":[77,17,48,34,51,50,49,104],"product_tag":[],"class_list":{"0":"post-626","1":"product","2":"type-product","3":"status-publish","4":"has-post-thumbnail","6":"product_cat-agenda-diaria","7":"product_cat-agendas","8":"product_cat-brinde-segmento","9":"product_cat-datas-comemorativas","10":"product_cat-dia-dos-pais","11":"product_cat-empresa-segmento","12":"product_cat-escritorio-seg","13":"product_cat-mais-vendidos","15":"first","16":"instock","17":"shipping-taxable","18":"product-type-simple"},"_links":{"self":[{"href":"https:\/\/amparobrindes.com.br\/index.php?rest_route=\/wp\/v2\/product\/626","targetHints":{"allow":["GET"]}}],"collection":[{"href":"https:\/\/amparobrindes.com.br\/index.php?rest_route=\/wp\/v2\/product"}],"about":[{"href":"https:\/\/amparobrindes.com.br\/index.php?rest_route=\/wp\/v2\/types\/product"}],"replies":[{"embeddable":true,"href":"https:\/\/amparobrindes.com.br\/index.php?rest_route=%2Fwp%2Fv2%2Fcomments&post=626"}],"wp:featuredmedia":[{"embeddable":true,"href":"https:\/\/amparobrindes.com.br\/index.php?rest_route=\/wp\/v2\/media\/631"}],"wp:attachment":[{"href":"https:\/\/amparobrindes.com.br\/index.php?rest_route=%2Fwp%2Fv2%2Fmedia&parent=626"}],"wp:term":[{"taxonomy":"product_brand","embeddable":true,"href":"https:\/\/amparobrindes.com.br\/index.php?rest_route=%2Fwp%2Fv2%2Fproduct_brand&post=626"},{"taxonomy":"product_cat","embeddable":true,"href":"https:\/\/amparobrindes.com.br\/index.php?rest_route=%2Fwp%2Fv2%2Fproduct_cat&post=626"},{"taxonomy":"product_tag","embeddable":true,"href":"https:\/\/amparobrindes.com.br\/index.php?rest_route=%2Fwp%2Fv2%2Fproduct_tag&post=626"}],"curies":[{"name":"wp","href":"https:\/\/api.w.org\/{rel}","templated":true}]}}